f 1272722 and 16019?
83
Calculate the greatest common factor of 30 and 2291530.
10
What is the highest common factor of 1377612 and 4344?
12
What is the highest common divisor of 20 and 228825080?
20
What is the highest common divisor of 635 and 64911859?
127
Calculate the greatest common divisor of 4977594 and 430.
86
What is the highest common divisor of 125 and 30743150?
25
Calculate the greatest common divisor of 270 and 2185290.
90
Calculate the greatest common divisor of 2208 and 138414.
138
Calculate the highest common factor of 86 and 436295329.
43
Calculate the greatest common divisor of 322223 and 27467.
121
Calculate the highest common factor of 1836 and 93042.
54
Calculate the highest common divisor of 33 and 89876237.
11
Calculate the greatest common divisor of 65 and 56578015.
65
What is the greatest common factor of 141165 and 8955?
45
What is the greatest common factor of 2323 and 924577?
23
Calculate the highest common factor of 608 and 9166892.
76
Calculate the greatest common divisor of 19 and 12910747.
19
Calculate the highest common factor of 939498 and 70.
14
What is the greatest common factor of 177513 and 2996?
749
Calculate the highest common divisor of 56448 and 1066248.
72
Calculate the greatest common factor of 371525 and 7141.
193
Calculate the greatest common factor of 1344296 and 1944.
8
Calculate the highest common divisor of 87176168 and 533.
41
Calculate the highest common factor of 353376 and 1568.
32
What is the highest common factor of 1852227 and 243?
81
What is the highest common divisor of 30882 and 313?
1
Calculate the greatest common factor of 1699357 and 1551.
11
Calculate the highest common divisor of 5000 and 2258500.
500
Calculate the highest common factor of 1667383861 and 13.
13
What is the greatest common factor of 520343208 and 11088?
5544
What is the greatest common divisor of 2542822 and 1592?
398
What is the highest common divisor of 35430 and 3711?
3
Calculate the highest common divisor of 85226 and 554960.
1982
What is the greatest common divisor of 78 and 496743078?
78
Calculate the greatest common factor of 1310 and 3648874.
262
What is the greatest common factor of 252 and 7428834?
126
Calculate the highest common divisor of 52280726 and 9322.
118
Calculate the greatest common factor of 33 and 2525446.
11
What is the greatest common factor of 4296 and 54721016?
1432
Calculate the highest common divisor of 1102307305 and 7810.
3905
Calculate the highest common factor of 263921 and 448.
7
What is the highest common divisor of 17902864 and 5700?
76
What is the highest common factor of 247450 and 6650?
350
Calculate the highest common factor of 4059065 and 3420.
95
What is the highest common factor of 201400 and 113240?
760
Calculate the highest common factor of 2350 and 574530350.
2350
What is the highest common divisor of 12591351 and 72?
9
What is the highest common divisor of 12432 and 1132278?
42
What is the greatest common divisor of 3344 and 1019486952?
1672
Calculate the greatest common divisor of 328076 and 4676.
28
What is the greatest common factor of 92 and 6407501?
23
What is the highest common factor of 21287148 and 80196?
1956
Calculate the highest common factor of 999708 and 215429.
367
What is the greatest common divisor of 27902251 and 13?
13
What is the highest common divisor of 1724115 and 255?
15
Calculate the greatest common factor of 746149 and 692.
173
What is the greatest common factor of 6578369 and 21?
7
Calculate the greatest common factor of 8327 and 343981.
11
What is the highest common factor of 21672169 and 127?
127
Calculate the greatest common factor of 274129 and 1701281.
467
Calculate the greatest common divisor of 1400088 and 456.
24
What is the highest common divisor of 31 and 41033119?
31
Calculate the highest common divisor of 1610 and 83729660.
1610
Calculate the highest common factor of 110553 and 33980907.
2571
What is the highest common divisor of 1220 and 154162860?
1220
Calculate the highest common divisor of 267082058 and 3959.
3959
What is the highest common divisor of 13130724 and 49404?
2148
What is the highest common factor of 56826 and 274?
2
What is the greatest common divisor of 1105931 and 1130?
113
Calculate the greatest common factor of 31884675 and 316725.
3075
What is the highest common factor of 19021783 and 77?
11
Calculate the highest common factor of 311317375 and 2375.
2375
Calculate the highest common divisor of 166782387 and 93.
93
What is the greatest common divisor of 455 and 1496845?
35
What is the highest common factor of 234 and 52563537?
117
Calculate the highest common factor of 227351 and 7171.
101
What is the greatest common divisor of 273952 and 3752?
56
What is the highest common factor of 25 and 182695?
5
Calculate the greatest common factor of 12832 and 9185306.
802
What is the greatest common factor of 13800 and 521064?
24
What is the greatest common divisor of 708015532 and 140?
28
What is the highest common factor of 366321 and 30429?
69
What is the greatest common divisor of 2473018 and 1310?
262
Calculate the highest common factor of 27426 and 783888.
42
What is the highest common divisor of 1935 and 7282566?
387
What is the highest common divisor of 3869476 and 27456?
52
What is the greatest common divisor of 7733 and 557365?
19
Calculate the highest common factor of 52 and 393285373.
13
Calculate the greatest common divisor of 21666 and 1369029.
69
What is the highest common divisor of 5429235 and 3360?
105
What is the greatest common divisor of 168 and 422574?
6
Calculate the highest common factor of 2127 and 5168610.
2127
What is the greatest common factor of 1069866 and 3528?
882
Calculate the greatest common divisor of 55561103 and 64897.
9271
What is the highest common factor of 48 and 38514156?
12
What is the highest common factor of 1096 and 392296?
8
What is the highest common divisor of 789 and 72539871?
789
What is the highest common factor of 32505 and 967725?
165
Calculate the highest common divisor of 361 and 2094959.
19
What is the highest common divisor of 4 and 247773360?
4
What is the greatest common divisor of 583287 and 993?
3
Calculate the highest common divisor of 1223820 and 2328.
12
Calculate the highest common divisor of 23306 and 76712.
86
Calculate the greatest common divisor of 32 and 15316324.
4
What is the highest common factor of 5000 and 750276250?
1250
What is the greatest common divisor of 564510 and 3890870?
6070
Calculate the greatest common factor of 77268 and 1899642.
822
What is the greatest common factor of 54600 and 3198?
78
Calculate the greatest common divisor of 132616 and 605.
121
What is the greatest common divisor of 1775 and 24664690?
355
Calculate the highest common factor of 44 and 696068.
4
Calculate the highest common divisor of 50 and 2635540.
10
Calculate the highest common divisor of 1704 and 20710629.
213
Calculate the greatest common divisor of 4070566 and 281.
281
What is the highest common divisor of 19731452 and 26?
26
What is the highest common divisor of 717 and 7438?
1
What is the highest common factor of 798 and 1688078?
14
Calculate the highest common divisor of 47580 and 953940.
780
Calculate the highest common factor of 589925 and 21105.
35
Calculate the highest common divisor of 217543 and 97193.
83
What is the greatest common divisor of 757 and 10707765?
757
Calculate the greatest common factor of 12 and 1170352.
4
What is the greatest common divisor of 6515525 and 316?
79
Calculate the greatest common factor of 16143673 and 3211.
247
Calculate the greatest common divisor of 130084 and 12.
4
Calculate the greatest common factor of 20 and 61608310.
10
What is the greatest common factor of 8835 and 3572475?
285
Calculate the highest common factor of 344 and 72646436.
172
What is the highest common divisor of 48762 and 52542?
378
What is the highest common factor of 545250 and 364750?
250
Calculate the highest common factor of 2528211 and 63.
21
What is the greatest common factor of 28 and 1167754?
14
What is the greatest common factor of 5980 and 83071170?
2990
Calculate the highest common divisor of 75978 and 2556050.
938
What is the greatest common factor of 960963 and 483?
69
What is the greatest common factor of 22141608 and 9894?
5